{"id":38,"date":"2013-08-04T08:44:47","date_gmt":"2013-08-04T06:44:47","guid":{"rendered":"http:\/\/yoga-goerlitz.de\/?page_id=38"},"modified":"2025-08-07T22:59:44","modified_gmt":"2025-08-07T20:59:44","slug":"gong-konzert","status":"publish","type":"page","link":"http:\/\/yoga-goerlitz.de\/?page_id=38","title":{"rendered":"Gong-Meditation"},"content":{"rendered":"<p style=\"text-align: center;\"><strong>GONG MEDITATION<\/strong><\/p>\n<p style=\"text-align: center;\"><a href=\"http:\/\/yoga-goerlitz.de\/wp-content\/uploads\/2013\/08\/Wojtek-Pokrzewinski_Gong_72dpi_12cm-300x201.jpg\"><img decoding=\"async\" loading=\"lazy\" class=\"aligncenter size-full wp-image-146\" src=\"http:\/\/yoga-goerlitz.de\/wp-content\/uploads\/2013\/08\/Wojtek-Pokrzewinski_Gong_72dpi_12cm-300x201.jpg\" alt=\"Wojtek-Pokrzewinski_Gong_72dpi_12cm-300x201\" width=\"300\" height=\"201\" \/><\/a><\/p>\n<p style=\"text-align: center;\">Gongs geh\u00f6ren zu den \u00e4ltesten und kraftvollsten Instrumenten.<br \/>\nIhre Kl\u00e4nge und Schwingungen haben eine tiefenentspannende und heilsame Wirkung auf K\u00f6rper, Geist und Seele.<br \/>\nErlebe eine au\u00dfergew\u00f6hnliche Reise.<\/p>\n<p style=\"text-align: center;\">Termine\u00a0 2025:<\/p>\n<p style=\"text-align: center;\">Woitek:\u00a0 \u00a0 \u00a0 19 &#8211; 20 \u20ac\u00a0 \/ Eintritt 15 \u20ac\u00a0 &#8211;<\/p>\n<p style=\"text-align: center;\">Kerstin: 19 &#8211; 20.30 Uhr\u00a0 \/ Eintritt: 15 \u20ac\u00a0 &#8211;\u00a0 26.09., 28.11., 19.12.<\/p>\n<p>\u00a0 \u00a0 \u00a0 \u00a0 \u00a0 \u00a0 \u00a0 \u00a0 \u00a0 \u00a0All Night Gong Puja:\u00a0 \u00a0 \u00a0 20.30 Uhr\u00a0 bis\u00a0 \u00a0gg.\u00a0 \u00a08 Uhr<\/p>\n<p style=\"text-align: center;\">Wir bitten um eine verbindliche Voranmeldung,<br \/>\nda Pl\u00e4tze nur begrenzt zur Verf\u00fcgung stehen.<\/p>\n","protected":false},"excerpt":{"rendered":"<p>GONG MEDITATION Gongs geh\u00f6ren zu den \u00e4ltesten und kraftvollsten Instrumenten. Ihre Kl\u00e4nge und Schwingungen haben eine tiefenentspannende und heilsame Wirkung auf K\u00f6rper, Geist und Seele. Erlebe eine au\u00dfergew\u00f6hnliche Reise. Termine\u00a0 2025: Woitek:\u00a0 \u00a0 \u00a0 19 &#8211; 20 \u20ac\u00a0 \/ Eintritt &hellip; <a href=\"http:\/\/yoga-goerlitz.de\/?page_id=38\">Weiterlesen <span class=\"meta-nav\">&rarr;<\/span><\/a><\/p>\n","protected":false},"author":1,"featured_media":0,"parent":467,"menu_order":3,"comment_status":"closed","ping_status":"closed","template":"showcase.php","meta":[],"_links":{"self":[{"href":"http:\/\/yoga-goerlitz.de\/index.php?rest_route=\/wp\/v2\/pages\/38"}],"collection":[{"href":"http:\/\/yoga-goerlitz.de\/index.php?rest_route=\/wp\/v2\/pages"}],"about":[{"href":"http:\/\/yoga-goerlitz.de\/index.php?rest_route=\/wp\/v2\/types\/page"}],"author":[{"embeddable":true,"href":"http:\/\/yoga-goerlitz.de\/index.php?rest_route=\/wp\/v2\/users\/1"}],"replies":[{"embeddable":true,"href":"http:\/\/yoga-goerlitz.de\/index.php?rest_route=%2Fwp%2Fv2%2Fcomments&post=38"}],"version-history":[{"count":90,"href":"http:\/\/yoga-goerlitz.de\/index.php?rest_route=\/wp\/v2\/pages\/38\/revisions"}],"predecessor-version":[{"id":1187,"href":"http:\/\/yoga-goerlitz.de\/index.php?rest_route=\/wp\/v2\/pages\/38\/revisions\/1187"}],"up":[{"embeddable":true,"href":"http:\/\/yoga-goerlitz.de\/index.php?rest_route=\/wp\/v2\/pages\/467"}],"wp:attachment":[{"href":"http:\/\/yoga-goerlitz.de\/index.php?rest_route=%2Fwp%2Fv2%2Fmedia&parent=38"}],"curies":[{"name":"wp","href":"https:\/\/api.w.org\/{rel}","templated":true}]}}