{"id":11,"date":"2013-08-03T16:16:45","date_gmt":"2013-08-03T14:16:45","guid":{"rendered":"http:\/\/yoga-goerlitz.de\/?page_id=11"},"modified":"2021-10-08T08:13:26","modified_gmt":"2021-10-08T06:13:26","slug":"ueber-mich","status":"publish","type":"page","link":"http:\/\/yoga-goerlitz.de\/?page_id=11","title":{"rendered":"\u00dcber mich"},"content":{"rendered":"<p><strong><a href=\"http:\/\/yoga-goerlitz.de\/wp-content\/uploads\/2016\/01\/Yoga_Sonnenuntergang.jpg\" rel=\"attachment wp-att-341\"><img decoding=\"async\" loading=\"lazy\" class=\"alignleft wp-image-341\" src=\"http:\/\/yoga-goerlitz.de\/wp-content\/uploads\/2016\/01\/Yoga_Sonnenuntergang.jpg\" alt=\"Yoga_Sonnenuntergang\" width=\"223\" height=\"328\"><\/a><\/strong>mehr als 15 Jahre Yogapraxis<\/p>\n<p>2006 &#8211; 2009 Ausbildung zur \u00e4rztlich&nbsp;gepr. Yogalehrerin bei Ilona Strohschein,&nbsp;Emax in Neustadt\/Sa<\/p>\n<p>2012 &#8211; 2016 Yogalehrer-Ausbildung&nbsp;BDY\/EUY bei Doris Echlin, Weggis\/Schweiz<\/p>\n<p>Seminare bei Anna Tr\u00f6kes, Diane Wilson, Ela Thole, Uwe Br\u00e4utigam, Michael Kissener, Eberhard B\u00e4rr, Urwasi Leone, Margarete Seyd, Franz Robotka,&nbsp; Yoga-Nidra: Anna R\u00f6cker,&nbsp;&nbsp;&nbsp;Herzen \u00f6ffnen: David Warred,&nbsp; &nbsp; &nbsp; &nbsp; Gong: Kay Karl, EnergieMedizin: Donna Eden<\/p>\n<p>Seit M\u00e4rz 2009 unterrichte ich in meinem Yogastudio in der Nonnenstra\u00dfe mit viel Freude und Dankbarkeit.<\/p>\n<p>Ziel&nbsp;der Stunden ist, im Hier und Jetzt zu sein und mit einfachen, korrekt ausgef\u00fchrten Haltungen,&nbsp;die Energie zum Flie\u00dfen zu bringen.<\/p>\n","protected":false},"excerpt":{"rendered":"<p>mehr als 15 Jahre Yogapraxis 2006 &#8211; 2009 Ausbildung zur \u00e4rztlich&nbsp;gepr. Yogalehrerin bei Ilona Strohschein,&nbsp;Emax in Neustadt\/Sa 2012 &#8211; 2016 Yogalehrer-Ausbildung&nbsp;BDY\/EUY bei Doris Echlin, Weggis\/Schweiz Seminare bei Anna Tr\u00f6kes, Diane Wilson, Ela Thole, Uwe Br\u00e4utigam, Michael Kissener, Eberhard B\u00e4rr, Urwasi &hellip; <a href=\"http:\/\/yoga-goerlitz.de\/?page_id=11\">Weiterlesen <span class=\"meta-nav\">&rarr;<\/span><\/a><\/p>\n","protected":false},"author":1,"featured_media":0,"parent":0,"menu_order":3,"comment_status":"closed","ping_status":"closed","template":"","meta":[],"_links":{"self":[{"href":"http:\/\/yoga-goerlitz.de\/index.php?rest_route=\/wp\/v2\/pages\/11"}],"collection":[{"href":"http:\/\/yoga-goerlitz.de\/index.php?rest_route=\/wp\/v2\/pages"}],"about":[{"href":"http:\/\/yoga-goerlitz.de\/index.php?rest_route=\/wp\/v2\/types\/page"}],"author":[{"embeddable":true,"href":"http:\/\/yoga-goerlitz.de\/index.php?rest_route=\/wp\/v2\/users\/1"}],"replies":[{"embeddable":true,"href":"http:\/\/yoga-goerlitz.de\/index.php?rest_route=%2Fwp%2Fv2%2Fcomments&post=11"}],"version-history":[{"count":26,"href":"http:\/\/yoga-goerlitz.de\/index.php?rest_route=\/wp\/v2\/pages\/11\/revisions"}],"predecessor-version":[{"id":902,"href":"http:\/\/yoga-goerlitz.de\/index.php?rest_route=\/wp\/v2\/pages\/11\/revisions\/902"}],"wp:attachment":[{"href":"http:\/\/yoga-goerlitz.de\/index.php?rest_route=%2Fwp%2Fv2%2Fmedia&parent=11"}],"curies":[{"name":"wp","href":"https:\/\/api.w.org\/{rel}","templated":true}]}}

Über mich

<p><strong><a href="http://yoga-goerlitz.de/wp-content/uploads/2016/01/Yoga_Sonnenuntergang.jpg" rel="attachment wp-att-341"><img decoding="async" loading="lazy" class="alignleft wp-image-341" src="http://yoga-goerlitz.de/wp-content/uploads/2016/01/Yoga_Sonnenuntergang.jpg" alt="Yoga_Sonnenuntergang" width="223" height="328"></a></strong>mehr als 15 Jahre Yogapraxis</p>
<p>2006 &#8211; 2009 Ausbildung zur ärztlich&nbsp;gepr. Yogalehrerin bei Ilona Strohschein,&nbsp;Emax in Neustadt/Sa</p>
<p>2012 &#8211; 2016 Yogalehrer-Ausbildung&nbsp;BDY/EUY bei Doris Echlin, Weggis/Schweiz</p>
<p>Seminare bei Anna Trökes, Diane Wilson, Ela Thole, Uwe Bräutigam, Michael Kissener, Eberhard Bärr, Urwasi Leone, Margarete Seyd, Franz Robotka,&nbsp; Yoga-Nidra: Anna Röcker,&nbsp;&nbsp;&nbsp;Herzen öffnen: David Warred,&nbsp; &nbsp; &nbsp; &nbsp; Gong: Kay Karl, EnergieMedizin: Donna Eden</p>
<p>Seit März 2009 unterrichte ich in meinem Yogastudio in der Nonnenstraße mit viel Freude und Dankbarkeit.</p>
<p>Ziel&nbsp;der Stunden ist, im Hier und Jetzt zu sein und mit einfachen, korrekt ausgeführten Haltungen,&nbsp;die Energie zum Fließen zu bringen.</p>

<p>mehr als 15 Jahre Yogapraxis 2006 &#8211; 2009 Ausbildung zur ärztlich&nbsp;gepr. Yogalehrerin bei Ilona Strohschein,&nbsp;Emax in Neustadt/Sa 2012 &#8211; 2016 Yogalehrer-Ausbildung&nbsp;BDY/EUY bei Doris Echlin, Weggis/Schweiz Seminare bei Anna Trökes, Diane Wilson, Ela Thole, Uwe Bräutigam, Michael Kissener, Eberhard Bärr, Urwasi &hellip; <a href="http://yoga-goerlitz.de/?page_id=11">Weiterlesen <span class="meta-nav">&rarr;</span></a></p>
